297*x. Give c(m).
11
Let n(p) = -p**3 - 4*p**2 + 4*p - 3. Let h be n(-5). Let y(k) = -3*k**2 + 3 + h*k**2 - 3*k**2 + k - k**3. Give y(-4).
-1
Let n(v) = v**3 - 6*v**2 - v + 1. Suppose -47 = -11*h + 19. What is n(h)?
-5
Suppose 0 = 2*r + 1 + 1. Let x(z) = -6*z. What is x(r)?
6
Let c(r) = -r**3 + 2*r**2 + r. Let x = -1 + 2. Let u(p) = 8*p**3 + p. Let o be u(x). Let v be (-6)/27 - (-29)/o. Determine c(v).
-6
Let b(v) be the third derivative of -v**4/24 - v**3/6 + v**2. Let o be 39/15 + 10/25. What is b(o)?
-4
Let l(k) = -k**2 - 1. Let u(f) = -7*f**2 - 3*f - 8. Let x(w) = -6*l(w) + u(w). What is x(-4)?
-6
Let q(r) = 0*r + 2 + 0 - 8*r - 4*r**2. Let h(a) = 3*a**2 + 7*a - 3. Let b(l) = -3*h(l) - 2*q(l). Let y = -114 - -108. Determine b(y).
-1
Let u(n) = n - 4. Let l(p) = -2 + 1 + 0. Suppose -4*b + 9*b - 4 = -g, 0 = -2*g - 4*b + 2. Let h(c) = g*u(c) - 3*l(c). What is h(3)?
4
Let y(f) = f**3 - 15*f**2 + 16*f + 6. Let j(p) = 3*p**3 - 44*p**2 + 46*p + 18. Let h(o) = 4*j(o) - 11*y(o). Calculate h(10).
-14
Let a(n) = 9*n + 32 - 27 - 10*n. Suppose 0 = -0*j - 4*j. What is a(j)?
5
Let y(v) = -4 - v + 4. Let f(r) = r + 20. Suppose d + 57 = -o - 3*o, -2*o = -5*d + 45. Let j be f(o). What is y(j)?
-5
Let r(v) be the second derivative of v + 0 + v**3 + 1/24*v**4 - 1/2*v**2. Let w(m) be the first derivative of r(m). Determine w(-3).
3
Let z(p) = 4*p**3 - 4*p**2 - p - 1. Let n(m) = -3*m**3 + 4*m**2 + 1. Let w(l) = 5*n(l) + 4*z(l). Determine w(-5).
-4
Let t(v) = v**3 + 3*v**2 - 7*v - 6. Suppose o + 20 = -4*o. What is t(o)?
6
Let k(h) be the third derivative of -h**6/120 - h**5/15 + 7*h**4/24 + 2*h**3/3 - 19*h**2. Give k(-5).
-6
Let k be 17 + -28 - (0 - 8 - -3). Let m(n) = -10*n - 12. Let q(y) = 3*y + 4. Let o(x) = -2*m(x) - 7*q(x). Calculate o(k).
2
Let a be 3*-1 - (-80)/8. Let q(t) = -t**2 + 7*t + 7. What is q(a)?
7
Let z = 20 + -13. Let b(h) = -56*h + 1 + 57*h - z. Give b(6).
0
Suppose -13*k = -11*k + 2. Let j(o) = 17*o + 1. Determine j(k).
-16
Let v be ((-3)/6)/((-2)/8). Let p(s) = 4*s**2 + 4*s**v - s**3 - s - 2*s - 4*s**2 - 1. What is p(4)?
-13
Suppose 2*r - 10 = -3*r. Let j(f) = r - 2*f + 0 + 0*f + f - f**2. Give j(2).
-4
Let o(r) = 9*r - 2*r - 26*r**2 + 25*r**2 + r + 2. Calculate o(8).
2
Let n(a) = -7*a - 3. Let y(v) = -4 + 5*v + v + 6. Let d(c) = 5*n(c) + 6*y(c). What is d(4)?
1
Let f(j) = 2 + 4*j + 4 + 4*j**2 - 4*j**2 - j**2. Let c(t) = 4*t - 3*t + 5 - 2*t. Let p be c(0). Calculate f(p).
1
Let v(f) = -f**2 - 9*f - 2. Suppose -20 = 10*t + 20. Calculate v(t).
18
Let b(j) be the second derivative of -j**4/12 - j**3 - 3*j**2/2 - j. Let h = 9 - 13. Give b(h).
5
Let l(u) = u + 13. Let p be l(-10). Let w(i) = -4*i**2 - 3*i - i + 3*i**2 - i**3 + 5*i**2 - 1. Calculate w(p).
-4
Let d(v) be the third derivative of v**4/6 - 25*v**2. Calculate d(-1).
-4
Let y(k) = -5*k + 6*k + 3 - 4*k**2 + 0*k. Let r(n) = 3*n**2 - 2*n - 3. Let q(c) = -3*r(c) - 2*y(c). Let b = 5 + -7. Determine q(b).
-9
Let f(y) = -3*y + 22. Let j be f(6). Let t(o) = 2*o - 6. Let v(z) = -2*z + 6. Let p(d) = -3*t(d) - 4*v(d). What is p(j)?
2
Let f(p) be the first derivative of p**4/12 + p**3/6 + 3*p**2/2 + 6*p + 1. Let h(l) be the first derivative of f(l). Give h(3).
15
Let g(o) = o**2 + 6 - 5*o - 1 + 0*o. Suppose 3*l = 2*c - 10, 6*l + 4*c = 3*l + 20. Let v = l - -4. What is g(v)?
1
Suppose 0 = -2*g + 15 - 5. Let a(c) = c**2 + 2*c. Let o(w) = -3*w**2 - 3*w. Let v(k) = -5*a(k) - 2*o(k). Give v(g).
5
Let m(r) = r**2 + 5*r - 7. Let x be 102/9 + 2/3. Suppose -3*c - x = -c. What is m(c)?
-1
Let l(b) = -10*b**2 + 1. Let o(w) = w + 8. Let f be o(-6). Suppose 4*d + 68 = -d + 4*c, -d - f*c = 8. Let m be (-2)/8 - d/(-16). What is l(m)?
-9
Let g(a) = -a**3 - 5*a**2 + 3*a + 6. Let k be (-16)/20 + 8/((-80)/42). Determine g(k).
-9
Let s(o) = -10*o**2 - 2*o + 8. Let i(a) = 9*a**2 + 2*a - 7. Let c = 15 - 9. Let v(q) = c*s(q) + 7*i(q). Calculate v(-2).
7
Let m(l) = -1 - 8*l**2 + 15*l - 15*l. What is m(1)?
-9
Let l(u) = u**2 - u - 1. Let p(s) = -2*s**2 + 4*s - 5. Let x(f) = -3*l(f) - p(f). Suppose v + 8 = 5*w + 5*v, 0 = 3*w - 5*v + 10. Calculate x(w).
8
Let u(y) = -y**3 + 4*y**2 - y - 4. Let w be u(2). Let k(x) = x**3 + 2*x + 1. Give k(w).
13
Let l(f) be the third derivative of -f**6/120 + 7*f**5/60 - f**4/4 - f**3/3 - f**2. Suppose 11*s = 2*s + 54. What is l(s)?
-2
Let z be -5 + 0 + 1 + 9. Let k(v) = -v**3 + 5*v**2. Give k(z).
0
Let c(i) be the first derivative of -i**2/2 + 7*i - 60. Calculate c(4).
3
Let q(z) be the third derivative of -7*z**5/60 + z**4/24 - 10*z**2. Suppose 5 = -7*j + 2*j. Calculate q(j).
-8
Let c(r) = 5*r**2 - r - 2. Let l be c(3). Suppose 25 = -2*s + 3*v, -s + 4*v - l = 3*s. Let f(j) = j**3 + 6*j**2 + 5*j + 6. Give f(s).
6
Let v(a) = -a - 1. Let j be 5*(-22 - -21 - (-4)/10). What is v(j)?
2
Let s(t) be the first derivative of 2 - 1/4*t**4 - 2*t + 2/3*t**3 + 5/2*t**2. Let k be (-10)/(-5) - (-2 + 1). What is s(k)?
4
Let t be (1 + -1 - 1) + 3. Let y(v) be the first derivative of v**4/24 - v**3/6 - v**2/2 - 1. Let a(s) be the second derivative of y(s). Determine a(t).
1
Let t(o) = o**3 - o**2 - o. Suppose -3*k = 2*k. Determine t(k).
0
Suppose s = 0, -2*s = -2*d - 0*s - 2. Let b(w) = -w. What is b(d)?
1
Suppose -j + 3*l = 9, 0 = j - 0*j - l + 1. Suppose u - j = -7. Let g be 1 - u - (4 + -4). Let f(c) = -c**2 + 5*c + 1. Calculate f(g).
1
Let o(h) = -3*h**3 + 204*h**2 - 202*h**2 + h**3. Calculate o(2).
-8
Let b = -25 + 24. Let w(v) = 3*v. Determine w(b).
-3
Let h(c) = -c + 3*c - c**3 - 4*c + 3*c - c**2. What is h(-1)?
-1
Let o(g) be the first derivative of g**3/3 - 7*g**2/2 + g + 1. Let n be 36/8 - 2/(-4). Determine o(n).
-9
Let t(z) = 5*z + 12. Let r(x) = 2*x + 6. Let s(k) = 7*r(k) - 3*t(k). Let q(a) = 6*a**3 - 2*a**2 + 1. Let f be q(1). What is s(f)?
1
Let z(k) = -k**3 - k**2 - k + 1. Let q(u) = u**3 + 3*u**2 - 1. Let n be q(-3). Let a(y) = 2*y**3 - 3*y**2 - 2*y - 3. Let b(l) = n*z(l) - a(l). Give b(5).
-8
Let a = 10 + -7. Suppose -a*x - 5 + 17 = 0. Suppose -f + x - 6 = 0. Let n(o) = 4*o**2 + 2*o - 1. Calculate n(f).
11
Let p(x) = -1 + 0*x - 6 - x**3 + 0*x + x**2 - x. Suppose 0 = -j - 3*j + 2*j. Determine p(j).
-7
Let r(o) be the third derivative of -o**5/60 + o**4/6 - 5*o**3/6 + o**2. Suppose 20 = g - 4*a, -2*a = -a + 4. What is r(g)?
-5
Let q(y) = -y**2 - y - 1. Let g be q(-1). Let z(a) = 11*a**2 + 2*a - 2. Let n(c) = -55*c**2 - 11*c + 11. Let v(w) = 2*n(w) + 11*z(w). What is v(g)?
11
Let v(g) = -g - 1. Suppose -8*h + 1 = -9*h. Give v(h).
0
Let n = 33 + -27. Let r(j) = -j**2 + 4*j + 7. Calculate r(n).
-5
Let v(m) be the second derivative of -m**5/20 + m**4/6 + m**3/3 + m**2/2 - 12*m. Calculate v(2).
5
Let i(o) = -2*o**2 + 9*o - 5. Let d(v) = -v**2 + 4*v - 2. Let r(t) = -5*d(t) + 2*i(t). Calculate r(5).
15
Let t(d) = -d**2 - 7*d. Let i(j) = 3*j**2 + 21*j. Let h(o) = 2*i(o) + 7*t(o). What is h(-8)?
-8
Let z(n) = -5*n**2 + 1. Suppose 4*k = 4*g - 12, 3*k - 4*k - 2*g + 3 = 0. Calculate z(k).
-4
Let f(z) = z**2 - z + 1. Let l(j) = 3*j**2 + 4*j - 6. Let s(g) = 2*f(g) - l(g). What is s(-6)?
8
Let l(n) = -n + 7. Suppose 4*m + 12 = -2*g + 2, 0 = 4*m + g + 5. What is l(m)?
7
Suppose 0 = 2*r - 6, 0 = h - 4*h + 2*r + 9. Let p(l) = 1 + h*l + 11*l**2 + 1 - 9*l**2. Give p(-3).
5
Let x be 30/(-105) - (-178)/(-14). Let l = x + 14. Let c(u) be the first derivative of -u**4/4 - u**3/3 + 1. Give c(l).
-2
Suppose 0 = -2*y - 0*y + 10. Suppose 3*a = -3*z + 9, y*z - 6 - 12 = -4*a. Let v(c) = -c**3 + 7*c**2 - 9*c + 7. Calculate v(z).
-11
Let o = -121 - -119. Let l(s) = -2*s + 1. Calculate l(o).
5
Let u(h) = -h**3 + 4*h**2 - 3*h + 2. Let r be 64/6 - (-1)/3. Suppose -3*f + r = n, f - 5*n = -9*n + 11. Determine u(f).
2
Let i be (0/(-7))/(2*1). Let l(q) = 4*q**3 + i*q**3 - 6*q**3. Determine l(1).
-2
Let t(z) = -z**3 + 4*z**2 + 5*z + 7. Let r(w) = 2*w + 5. Let n be r(0). Give t(n).
7
Let l(a) = -a**2 + 5*a - 5. Let n be l(5). Let u(m) = 2*m**2 + 5*m - 2. Determine u(n).
23
Let z(w) = -2*w**2 + w + 5. Let f(k) = -5*k**2 + 4*k + 11. Let d(i) = 3*f(i) - 7*z(i). Suppose -5*a + 3*l + 18 = -2*a, -5*a - 3*l = -6. Determine d(a).
4
Suppose -3*y = -2*t - 12, y - 8 = -y - 3*t. Let p = 2 - y. Let v(m) = 2*m - 9. Let i(h) = h - 3. Let q(g) = -17*i(g) + 6*v(g). Give q(p).
7
Suppose 5*v - 17 - 16 = -x, -21 = -x - 2*v. Let w(k) = k - 16. Determi